{"id":13,"date":"2018-06-06T00:33:47","date_gmt":"2018-06-06T00:33:47","guid":{"rendered":"http:\/\/valkiriabytes.com\/?page_id=13"},"modified":"2018-12-20T16:57:35","modified_gmt":"2018-12-20T16:57:35","slug":"canyons-i-engorjats","status":"publish","type":"page","link":"https:\/\/ecmbarcelones.com\/index.php\/canyons-i-engorjats\/","title":{"rendered":"Barrancs"},"content":{"rendered":"\t\t<div data-elementor-type=\"wp-post\" data-elementor-id=\"13\" class=\"elementor elementor-13 elementor-bc-flex-widget\">\n\t\t\t\t\t\t<section class=\"elementor-section elementor-top-section elementor-element elementor-element-85686b5 elementor-section-boxed elementor-section-height-default elementor-section-height-default\" data-id=\"85686b5\" data-element_type=\"section\">\n\t\t\t\t\t\t<div class=\"elementor-container elementor-column-gap-default\">\n\t\t\t\t\t<div class=\"elementor-column elementor-col-100 elementor-top-column elementor-element elementor-element-a647134\" data-id=\"a647134\" data-element_type=\"column\">\n\t\t\t<div class=\"elementor-widget-wrap elementor-element-populated\">\n\t\t\t\t\t\t<div class=\"elementor-element elementor-element-f1b531a elementor-widget elementor-widget-image\" data-id=\"f1b531a\" data-element_type=\"widget\" data-widget_type=\"image.default\">\n\t\t\t\t<div class=\"elementor-widget-container\">\n\t\t\t\t\t\t\t\t\t\t\t\t\t\t\t<img fetchpriority=\"high\" decoding=\"async\" width=\"3680\" height=\"1780\" src=\"https:\/\/ecmbarcelones.com\/wp-content\/uploads\/2018\/06\/1B.jpg\" class=\"attachment-full size-full wp-image-46\" alt=\"\" srcset=\"https:\/\/ecmbarcelones.com\/wp-content\/uploads\/2018\/06\/1B.jpg 3680w, https:\/\/ecmbarcelones.com\/wp-content\/uploads\/2018\/06\/1B-300x145.jpg 300w, https:\/\/ecmbarcelones.com\/wp-content\/uploads\/2018\/06\/1B-768x371.jpg 768w, https:\/\/ecmbarcelones.com\/wp-content\/uploads\/2018\/06\/1B-1024x495.jpg 1024w\" sizes=\"(max-width: 3680px) 100vw, 3680px\" \/>\t\t\t\t\t\t\t\t\t\t\t\t\t\t\t<\/div>\n\t\t\t\t<\/div>\n\t\t\t\t\t<\/div>\n\t\t<\/div>\n\t\t\t\t\t<\/div>\n\t\t<\/section>\n\t\t\t\t<section class=\"elementor-section elementor-top-section elementor-element elementor-element-fdd2868 elementor-section-boxed elementor-section-height-default elementor-section-height-default\" data-id=\"fdd2868\" data-element_type=\"section\">\n\t\t\t\t\t\t<div class=\"elementor-container elementor-column-gap-default\">\n\t\t\t\t\t<div class=\"elementor-column elementor-col-100 elementor-top-column elementor-element elementor-element-cdf2121\" data-id=\"cdf2121\" data-element_type=\"column\">\n\t\t\t<div class=\"elementor-widget-wrap elementor-element-populated\">\n\t\t\t\t\t\t<div class=\"elementor-element elementor-element-487c405 elementor-widget elementor-widget-text-editor\" data-id=\"487c405\" data-element_type=\"widget\" data-widget_type=\"text-editor.default\">\n\t\t\t\t<div class=\"elementor-widget-container\">\n\t\t\t\t\t\t\t\t\t<p>El descens de barrancs, canyons i engorjats consisteix en el descens d\u2019un t\u00e0lveg que pot presentar-se en forma de torrents, rierols, rius, gorges (m\u00e9s o menys estretes, profundes), amb o sense pres\u00e8ncia permanent d\u2019aigua i poden presentar cascades, marmites, badines, parts subverticals.<\/p><p>Exigeix una progressi\u00f3 i superaci\u00f3 d\u2019obstacles mitjan\u00e7ant: la marxa, la nataci\u00f3, els salts, els tobogans, les\u00a0 baixades per forts pendents, el r\u00e0pel i altres t\u00e8cniques d\u2019evoluci\u00f3 per corda.<\/p><p>Aquesta disciplina obliga a posseir un material i una t\u00e8cnica espec\u00edfica, lligats a la variabilitat del medi natural.<\/p>\t\t\t\t\t\t\t\t<\/div>\n\t\t\t\t<\/div>\n\t\t\t\t\t<\/div>\n\t\t<\/div>\n\t\t\t\t\t<\/div>\n\t\t<\/section>\n\t\t\t\t<\/div>\n\t\t","protected":false},"excerpt":{"rendered":"<p>El descens de barrancs, canyons i engorjats consisteix en el descens d\u2019un t\u00e0lveg que pot presentar-se en forma de torrents, rierols, rius, gorges (m\u00e9s o menys estretes, profundes), amb o sense pres\u00e8ncia permanent d\u2019aigua i poden presentar cascades, marmites, badines, parts subverticals. Exigeix una progressi\u00f3 i superaci\u00f3 d\u2019obstacles mitjan\u00e7ant: la\u2026<\/p>\n<p class=\"continue-reading-button\"> <a class=\"continue-reading-link\" href=\"https:\/\/ecmbarcelones.com\/index.php\/canyons-i-engorjats\/\">Continue reading<i class=\"crycon-right-dir\"><\/i><\/a><\/p>\n","protected":false},"author":1,"featured_media":0,"parent":0,"menu_order":0,"comment_status":"closed","ping_status":"closed","template":"","meta":{"footnotes":""},"class_list":["post-13","page","type-page","status-publish","hentry"],"_links":{"self":[{"href":"https:\/\/ecmbarcelones.com\/index.php\/wp-json\/wp\/v2\/pages\/13","targetHints":{"allow":["GET"]}}],"collection":[{"href":"https:\/\/ecmbarcelones.com\/index.php\/wp-json\/wp\/v2\/pages"}],"about":[{"href":"https:\/\/ecmbarcelones.com\/index.php\/wp-json\/wp\/v2\/types\/page"}],"author":[{"embeddable":true,"href":"https:\/\/ecmbarcelones.com\/index.php\/wp-json\/wp\/v2\/users\/1"}],"replies":[{"embeddable":true,"href":"https:\/\/ecmbarcelones.com\/index.php\/wp-json\/wp\/v2\/comments?post=13"}],"version-history":[{"count":5,"href":"https:\/\/ecmbarcelones.com\/index.php\/wp-json\/wp\/v2\/pages\/13\/revisions"}],"predecessor-version":[{"id":136,"href":"https:\/\/ecmbarcelones.com\/index.php\/wp-json\/wp\/v2\/pages\/13\/revisions\/136"}],"wp:attachment":[{"href":"https:\/\/ecmbarcelones.com\/index.php\/wp-json\/wp\/v2\/media?parent=13"}],"curies":[{"name":"wp","href":"https:\/\/api.w.org\/{rel}","templated":true}]}}