{"id":11,"date":"2018-06-06T00:33:32","date_gmt":"2018-06-06T00:33:32","guid":{"rendered":"http:\/\/valkiriabytes.com\/?page_id=11"},"modified":"2019-01-23T18:44:08","modified_gmt":"2019-01-23T18:44:08","slug":"espeleologia","status":"publish","type":"page","link":"https:\/\/ecmbarcelones.com\/index.php\/espeleologia\/","title":{"rendered":"Espeleologia"},"content":{"rendered":"\t\t<div data-elementor-type=\"wp-post\" data-elementor-id=\"11\" class=\"elementor elementor-11 elementor-bc-flex-widget\">\n\t\t\t\t\t\t<section class=\"elementor-section elementor-top-section elementor-element elementor-element-47514b8 elementor-section-boxed elementor-section-height-default elementor-section-height-default\" data-id=\"47514b8\" data-element_type=\"section\">\n\t\t\t\t\t\t<div class=\"elementor-container elementor-column-gap-default\">\n\t\t\t\t\t<div class=\"elementor-column elementor-col-100 elementor-top-column elementor-element elementor-element-ca76b0e\" data-id=\"ca76b0e\" data-element_type=\"column\">\n\t\t\t<div class=\"elementor-widget-wrap elementor-element-populated\">\n\t\t\t\t\t\t<div class=\"elementor-element elementor-element-dc7bc13 elementor-widget elementor-widget-image\" data-id=\"dc7bc13\" data-element_type=\"widget\" data-widget_type=\"image.default\">\n\t\t\t\t<div class=\"elementor-widget-container\">\n\t\t\t\t\t\t\t\t\t\t\t\t\t\t\t<img fetchpriority=\"high\" decoding=\"async\" width=\"5460\" height=\"2460\" src=\"https:\/\/ecmbarcelones.com\/wp-content\/uploads\/2018\/06\/MG_3069b.jpg\" class=\"attachment-full size-full wp-image-6\" alt=\"\" srcset=\"https:\/\/ecmbarcelones.com\/wp-content\/uploads\/2018\/06\/MG_3069b.jpg 5460w, https:\/\/ecmbarcelones.com\/wp-content\/uploads\/2018\/06\/MG_3069b-300x135.jpg 300w, https:\/\/ecmbarcelones.com\/wp-content\/uploads\/2018\/06\/MG_3069b-768x346.jpg 768w, https:\/\/ecmbarcelones.com\/wp-content\/uploads\/2018\/06\/MG_3069b-1024x461.jpg 1024w\" sizes=\"(max-width: 5460px) 100vw, 5460px\" \/>\t\t\t\t\t\t\t\t\t\t\t\t\t\t\t<\/div>\n\t\t\t\t<\/div>\n\t\t\t\t\t<\/div>\n\t\t<\/div>\n\t\t\t\t\t<\/div>\n\t\t<\/section>\n\t\t\t\t<section class=\"elementor-section elementor-top-section elementor-element elementor-element-79406c8 elementor-section-boxed elementor-section-height-default elementor-section-height-default\" data-id=\"79406c8\" data-element_type=\"section\">\n\t\t\t\t\t\t<div class=\"elementor-container elementor-column-gap-default\">\n\t\t\t\t\t<div class=\"elementor-column elementor-col-100 elementor-top-column elementor-element elementor-element-1c8aae5\" data-id=\"1c8aae5\" data-element_type=\"column\">\n\t\t\t<div class=\"elementor-widget-wrap elementor-element-populated\">\n\t\t\t\t\t\t<div class=\"elementor-element elementor-element-a8c20d9 elementor-widget elementor-widget-text-editor\" data-id=\"a8c20d9\" data-element_type=\"widget\" data-widget_type=\"text-editor.default\">\n\t\t\t\t<div class=\"elementor-widget-container\">\n\t\t\t\t\t\t\t\t\t<p><span style=\"font-size: 15px;\">L\u2019espeleologia es la principal activitat de l\u2019Espeleo Club Muntanyenc Barcelon\u00e8s, amb l\u2019exploraci\u00f3 de noves cavitats i la formaci\u00f3 de nous espele\u00f2legs. Dins d\u2019aquesta activitat tamb\u00e9 hi ha la part ci\u00e8ntifica com la geolog\u00eda, biolog\u00eda y arqueolog\u00eda, sense olvidar la topograf\u00eda. Totes formen part de l\u2019espeleolog\u00eda que es una pr\u00e0ctica esportiva amb un fons cient\u00edfic.<\/span><\/p><p style=\"margin-bottom: 0.35cm;\">El GES (CMB), que va ser el primer grup d\u2019espeleologia de la pen\u00ednsula, desde els seus inicis va estar un dels pioners a l\u2019exploraci\u00f3 de cavitats catalanes, com Esquerr\u00e0, Ferla i d\u2019altres, tamb\u00e8 de la resta de la pen\u00ednsula i resta del mon. En els darrers anys ha estat explorant cavitats als Picos de Europa i mes tard a Cantabria.<\/p><p>\u00a0<\/p><p style=\"margin-bottom: 0.35cm;\">L\u2019ECG desde f\u00e0 45 anys explora les cavitats de la serra de Tende\u00f1era amb un dels sistemas espelologics m\u00e8s importants del Pirineu aragon\u00e9s i amb la tercera integral amb mes fond\u00e0ria del mon, tamb\u00e8 ha estat a explorant cavitats a Cantabria, Caucas i Algeria.<\/p>\t\t\t\t\t\t\t\t<\/div>\n\t\t\t\t<\/div>\n\t\t\t\t\t<\/div>\n\t\t<\/div>\n\t\t\t\t\t<\/div>\n\t\t<\/section>\n\t\t\t\t<\/div>\n\t\t","protected":false},"excerpt":{"rendered":"<p>L\u2019espeleologia es la principal activitat de l\u2019Espeleo Club Muntanyenc Barcelon\u00e8s, amb l\u2019exploraci\u00f3 de noves cavitats i la formaci\u00f3 de nous espele\u00f2legs. Dins d\u2019aquesta activitat tamb\u00e9 hi ha la part ci\u00e8ntifica com la geolog\u00eda, biolog\u00eda y arqueolog\u00eda, sense olvidar la topograf\u00eda. Totes formen part de l\u2019espeleolog\u00eda que es una pr\u00e0ctica esportiva\u2026<\/p>\n<p class=\"continue-reading-button\"> <a class=\"continue-reading-link\" href=\"https:\/\/ecmbarcelones.com\/index.php\/espeleologia\/\">Continue reading<i class=\"crycon-right-dir\"><\/i><\/a><\/p>\n","protected":false},"author":1,"featured_media":0,"parent":0,"menu_order":0,"comment_status":"closed","ping_status":"closed","template":"","meta":{"footnotes":""},"class_list":["post-11","page","type-page","status-publish","hentry"],"_links":{"self":[{"href":"https:\/\/ecmbarcelones.com\/index.php\/wp-json\/wp\/v2\/pages\/11","targetHints":{"allow":["GET"]}}],"collection":[{"href":"https:\/\/ecmbarcelones.com\/index.php\/wp-json\/wp\/v2\/pages"}],"about":[{"href":"https:\/\/ecmbarcelones.com\/index.php\/wp-json\/wp\/v2\/types\/page"}],"author":[{"embeddable":true,"href":"https:\/\/ecmbarcelones.com\/index.php\/wp-json\/wp\/v2\/users\/1"}],"replies":[{"embeddable":true,"href":"https:\/\/ecmbarcelones.com\/index.php\/wp-json\/wp\/v2\/comments?post=11"}],"version-history":[{"count":6,"href":"https:\/\/ecmbarcelones.com\/index.php\/wp-json\/wp\/v2\/pages\/11\/revisions"}],"predecessor-version":[{"id":144,"href":"https:\/\/ecmbarcelones.com\/index.php\/wp-json\/wp\/v2\/pages\/11\/revisions\/144"}],"wp:attachment":[{"href":"https:\/\/ecmbarcelones.com\/index.php\/wp-json\/wp\/v2\/media?parent=11"}],"curies":[{"name":"wp","href":"https:\/\/api.w.org\/{rel}","templated":true}]}}